Let b(n) = 39*n - 50. Let k be b(6). Let v = 6 + -8. Let h be 23 - (2/1 + v). Calculate the highest common factor of h and k.
23
Suppose 0 = 3*a - a - 32. Suppose 14 = o - a. Let k be 30/4*48/o. Calculate the highest common factor of k and 8.
4
Let d(j) = 7*j**2 + 2*j - 10. Let x(y) = -y - 7. Let b be x(-2). Let a be d(b). What is the highest common factor of 31 and a?
31
Let x = 12 - 7. Suppose -x*a = -4*a - 2. Suppose -a*w - 2*w + 2*g + 48 = 0, -2*g = w - 12. What is the highest common divisor of 6 and w?
6
Let d be ((-1 - 0) + 3)*2. Suppose -4*q + 20 = 0, -2*q = 5*w - 89 + 19. Let h = 44 - w. Calculate the highest common factor of d and h.
4
Let x = -697 - -754. What is the greatest common divisor of 95 and x?
19
Suppose 0*i - 22 = -3*i - w, -4*i - 5*w = -44. Let k = 772 + -659. Suppose 157 + k = i*o. Calculate the greatest common divisor of 15 and o.
15
Let o = 159 + -159. Let x(j) = j**2 - 3*j - 7. Let y be x(5). Suppose b - y = -o*b. Calculate the highest common factor of b and 24.
3
Let g(m) = m**2 + 22*m - 40. Let u be g(-24). Calculate the greatest common factor of u and 64.
8
Suppose 0 = -15*w + 11*w + 112. Calculate the highest common divisor of 70 and w.
14
Let o(g) = g**3 + 4*g**2 + 5*g + 6. Let c be o(-2). What is the greatest common divisor of 60 and c?
4
Suppose -4*o + 22 = -5*b - 17, -b = 3. Let n be -4 - (-175)/42 - (-53)/o. Calculate the highest common factor of 63 and n.
9
Let d be 529/6 + (-6)/36. What is the highest common divisor of 198 and d?
22
Let k(y) be the third derivative of -y**4/4 - 29*y**3/3 - 8*y**2. Let q be k(-16). Calculate the greatest common factor of 114 and q.
38
Let j(d) = 3*d + 171. Let c be j(39). What is the highest common divisor of c and 18?
18
Let h(w) = -9*w + 9. Let z(k) = -2*k + 43. Let u be z(23). Let p be h(u). What is the highest common factor of 12 and p?
12
Let x = -59 + 104. Suppose 7*r - 4*r + 3*h = 408, 681 = 5*r + 4*h. Suppose -47 = 5*i - r. What is the greatest common factor of x and i?
9
Let k be -4*2/4 - -3. Let g(d) = 79*d**3 + d**2 + d - 1. Let s be g(k). Suppose 3*a + 96 = 6*a. Calculate the highest common divisor of a and s.
16
Suppose 4*g - 131 = -3*k, -2*g + 192 - 194 = 0. What is the greatest common divisor of k and 18?
9
Suppose -129 = 16*v - 1425. What is the greatest common factor of v and 9?
9
Let a(j) = j**3 - 3*j**2 + 5*j - 6. Let i be a(2). Suppose -3*q - 3*g = -396, 2*q + 8*g - 5*g - 268 = i. Calculate the highest common divisor of q and 8.
8
Let j be (-3)/(-5) - (-1)/(-10)*-484. What is the greatest common divisor of 7 and j?
7
Let w(q) = q**3 + 14*q**2 - 34*q - 8. Let s be w(-16). What is the greatest common factor of 708 and s?
12
Let d(w) = 2*w - 18. Let c be d(25). Suppose -5*g + c = -13. Calculate the highest common divisor of 6 and g.
3
Suppose 4392 = 100*b - 1208. Suppose -4*s + u = -26, -2*s + 3 + 3 = -4*u. Calculate the greatest common factor of s and b.
7
Let u = -197 - -208. Let n(y) = y**3 + y + 2. Let j be n(0). Suppose 285 = 3*v + 4*c, -127 = -j*v - 2*c + 65. Calculate the highest common factor of u and v.
11
Suppose -11*r = -2*r - 108. Let f(v) = -v**2 + 6*v + 3. Let u be f(7). Let z = u - -16. What is the greatest common divisor of r and z?
12
Suppose -5*s + 60 = -3*c, 3*s - 3*c - 51 = -s. Let r(h) = -4*h - 43. Let j be r(-22). Calculate the highest common divisor of s and j.
9
Suppose -1 = -d + 13. Suppose d*w - 13*w - 11 = 0. What is the greatest common factor of 66 and w?
11
Suppose 0 = 9*c + 5*c - 3528. Calculate the greatest common divisor of 28 and c.
28
Let q(z) = z**3 + 4*z**2 + 3*z + 4. Let t be q(-3). Let y = 6 - t. Suppose 4*i = 2*o - 16, o - 8 + y = 3*i. Calculate the greatest common factor of o and 18.
6
Let f be ((-3)/9)/((-2)/18). Suppose 0 = 3*v - 6, 4*w + 3*v + 445 + 413 = 0. Let c be (w/(-45))/((-4)/(-10)). Calculate the greatest common divisor of c and f.
3
Let y = -107 - 1054. Let d be 6/(-15) - y/15. Let f = 63 - 52. Calculate the greatest common divisor of f and d.
11
Let m = 16 + -4. Let q(o) = 5*o**2 + 8*o - 124. Let t be q(-8). What is the highest common factor of m and t?
12
Suppose 0 = -2*c - 5*f - 16, c + 4*f + 12 = -c. What is the highest common factor of c and 8?
2
Suppose 0 = -7*p + 3*p + 32. Let y(u) = -u**3 + 13*u**2 + 18*u - 44. Let r be y(14). Calculate the highest common factor of p and r.
4
Suppose -6*c + 33 + 21 = 0. Suppose 0*v - 72 = -2*v. Calculate the greatest common factor of c and v.
9
Let r = 0 - -3. Suppose -7 = r*b - 5*n, -b + 31 = -0*b + 5*n. Let s(j) = 10*j**2 - j + 4. Let u be s(2). What is the highest common divisor of b and u?
6
Let m(l) = l**3 - 6*l**2 + 5*l + 10. Let v be m(5). What is the greatest common divisor of 75 and v?
5
Let f(t) = -2*t + 60. Let g be f(26). What is the greatest common factor of 36 and g?
4
Suppose 0 = -f, 9 = 3*q + 2*f - 4*f. Suppose 105 = q*i + 9. Calculate the greatest common divisor of i and 32.
32
Suppose 0 + 5 = -k. Let j = 9 + -5. Let h = j - k. Calculate the highest common divisor of h and 63.
9
Suppose 0 = -9*m + 5*m + 224. Let p = m - 49. What is the greatest common divisor of 63 and p?
7
Let b = 325 + -324. What is the highest common divisor of 76 and b?
1
Let n be (-9305)/(-65) - (-2)/(-13). Let j be 846/27 + 1/(-3). Let q = -18 + j. Calculate the greatest common factor of n and q.
13
Let b be 1 - (-30 - -3)/(-3). Let x = 5 + b. Let z be x/(-1) + 126/6. What is the highest common divisor of 3 and z?
3
Let i be 4/((-4)/(-98)*1). What is the highest common factor of 441 and i?
49
Let d be ((-6732)/(-45))/(6/15). What is the highest common divisor of 102 and d?
34
Let o = -4 - -7. Let c = o - -7. Let z(s) = s**3 - 11*s**2 + 11*s - 2. Let l be z(c). Calculate the greatest common factor of 64 and l.
8
Let o(v) = -v**3 + 9*v**2 + 11*v - 11. Let a be o(10). Let b be (-10)/a*(-18)/(-4). Let n = 10 - 1. Calculate the highest common factor of n and b.
9
Let d be 113 + -2 + 0/(-2). Let p = d - 55. Calculate the highest common divisor of p and 8.
8
Let q(b) = 11*b - 1. Let n be q(1). Let v be (-121)/(-2) + (-5)/n. Let p = -4627 - -4657. What is the greatest common factor of v and p?
30
Let t be ((-26)/(-39))/((-2)/(-15)). Let o(m) = -m + 9 + 62 - t - 2. Let f be o(0). Calculate the greatest common divisor of 8 and f.
8
Suppose -107 = -3*p + 244. Let f(l) be the third derivative of -l**4/24 + 4*l**3/3 - 8*l**2. Let o be f(-5). Calculate the highest common divisor of p and o.
13
Let n be 2 - -34 - 9/(45/(-10)). Calculate the greatest common divisor of n and 209.
19
Let i(g) = 2*g + 11. Let a(y) = y + 11. Let q(w) = 3*a(w) - 2*i(w). Let t be q(8). Suppose -81 = -t*x - 3. Calculate the highest common divisor of x and 52.
26
Let k be (15/(-10))/(3/(-786)). Let z be 4/16 + k/12. Let p be (-12 - -8) + 103 - (1 - 1). What is the greatest common divisor of z and p?
33
Let m(b) = 7*b**2 + b - 8. Let y be m(-2). Calculate the highest common divisor of 2 and y.
2
Let b be -1*4*45/(-36). Let j = b + 12. What is the greatest common divisor of j and 119?
17
Suppose -3*u + 14 = 3*m + m, 0 = -5*u + 10. Suppose -14 = m*d - 4*d. Calculate the greatest common factor of d and 14.
7
Let v be (-3 + (5 - 2))/(-1 - 0). Suppose 2*f + a - 6 = v, 2*f - 5*a = -f - 17. What is the highest common divisor of f and 5?
1
Let n be -3*(-48)/27 - 3/9. Suppose 2*h - 28 = b, -32 = -n*h + 5*b + 33. Calculate the highest common factor of 60 and h.
15
Let o(l) = l**3 - l - 1. Let p be o(0). Let r = 6 - p. Suppose 3*u - r*u = -400. What is the highest common divisor of 25 and u?
25
Suppose 0 = 11*j - 141 - 552. Let p = -2 - -2. Let t = p - -7. What is the highest common factor of t and j?
7
Let g = 178 + -144. What is the greatest common divisor of g and 17?
17
Let a(n) = -8*n**3 - n**2 - n + 1. Let w be a(2). Let p = -107 - w. Let h = -14 - p. What is the greatest common divisor of h and 12?
12
Suppose q = -2*v + 727, -3*v - 2*q = -6*q - 1107. Calculate the greatest common divisor of 15 and v.
5
Let x be (25/10 + -1)/(4/24). Calculate the highest common divisor of x and 12.
3
Let i be (5*14)/((-34)/(-17)). Calculate the greatest common factor of i and 14.
7
Let v(n) = n**3 - 5*n**2 - 9*n + 30. Let u be v(9). What is the greatest common divisor of u and 195?
39
Suppose 0 = -7*x + 3*x + 48. Suppose -d - k - 22 =